of 4 - (6/r - -3)?
3
Let h = -33 - -52. What is the units digit of h?
9
Let v(p) = p**3 + 4*p**2 - 2*p - 2. Let u be v(-4). Suppose 3*j - 3 = u. Suppose j*t + 5 = 17. What is the units digit of t?
4
Let d be 7*(-1 + 2) - -1. What is the units digit of ((-84)/d - -2)*-2?
7
Suppose -5*o = -o - 20. Suppose 2*a = o*a - 27. What is the units digit of a?
9
Let f = -23 - -62. Suppose -p + t = -t - 6, -t + f = 3*p. What is the units digit of p?
2
Let x = 10 - -30. What is the units digit of x?
0
Suppose 3*t - 2*t = -3*j - 62, -5*t - 37 = 2*j. What is the units digit of (-186)/j + 2/14?
9
Let s = 8 + -6. Suppose -u + 1 = -s. Suppose 0 = -u*y + 2*y + 1. What is the units digit of y?
1
Let p(k) = k**3 + 6*k**2 + 2*k + 5. Let n be (-8)/12 + (-10)/3. What is the tens digit of p(n)?
2
Let r = -9 - -18. Let k = r - 7. What is the units digit of k?
2
Let j = -135 + 203. What is the units digit of j?
8
Let d(w) = w - 1. Let t be d(5). Suppose -t*x - 2 = -10. Suppose -14 = -0*y - x*y. What is the units digit of y?
7
What is the tens digit of 31 + (-3)/9*-3?
3
Suppose -5*d = -0*d - 2*r - 738, 5*d - 5*r - 750 = 0. What is the units digit of d?
6
Let y(v) = v + 1. Let a be y(5). Let l = a - -14. What is the units digit of l?
0
Suppose -360 = 4*t - 10*t. What is the tens digit of t?
6
Let f(z) = -z**2 + 15*z - 3. What is the units digit of f(12)?
3
Suppose -5*i = -6*i. What is the tens digit of (-1 - i)*2 - -17?
1
Let a = -2 - -3. What is the units digit of a?
1
Let p = 212 - 21. What is the tens digit of p?
9
Let o(d) = -d**2 - 7*d - 6. Let i be o(-5). Suppose i = -0*w + 2*w. Suppose -2*a - w*y + 15 = -5*y, a + y - 10 = 0. What is the units digit of a?
9
Suppose -g + 22 = -18. What is the tens digit of g?
4
Let b = -1 + 6. Suppose 9 - 209 = -b*q. Let y = q + -27. What is the units digit of y?
3
What is the tens digit of ((-8)/(-2) - 12/8)*10?
2
Let l be (12/8)/((-1)/(-2)). Let y = l - 3. What is the units digit of 11 - (-2 - (0 + y))?
3
Let c = 38 + -8. What is the tens digit of c?
3
Let o(t) = t - 5. Let r be o(4). Let p(j) = -1 + 13*j - 14*j - 7*j. What is the units digit of p(r)?
7
Let t be 0/((2 - 0)/2). Suppose t = 3*p - 23 + 2. What is the units digit of (p - -1)*2/2?
8
Let l(c) = -c. Let k be l(-4). What is the units digit of (k - -5) + (0 - -3)?
2
Let g(b) = -b**3 - b**2 + b + 18. Let h(c) = -c + 6. Let m be h(6). What is the tens digit of g(m)?
1
Let a = -109 - -296. What is the hundreds digit of a?
1
Let h(c) = c**3 + c + 2. Let j be h(0). Suppose 2 - 16 = -j*s. What is the units digit of s?
7
Let x = 7 - 2. Suppose -v + i + 2*i - 6 = 0, 38 = x*v + 2*i. What is the units digit of v?
6
What is the tens digit of 532/((-12)/(-3)) + -3?
3
Suppose -4*r = -12, -4*r = 4*q + 26 + 10. Let k = 20 + q. What is the units digit of k?
8
Let n = -1 - -40. What is the units digit of n?
9
Let y be (2/4)/(2/8). Suppose -2*c - y*q = q, -22 = -4*c + 5*q. Suppose 3*t = -l + 16 + 15, c*l - 23 = 5*t. What is the tens digit of l?
1
Let g(a) = -a**3 - 13*a**2 - 7*a - 24. What is the units digit of g(-13)?
7
What is the units digit of 2 + -2 - 1 - 2535/(-13)?
4
Let j be 8 + (2 - 0/(-1)). Suppose -4*o + j = -10. What is the units digit of o?
5
What is the tens digit of -4*2/(-6)*21?
2
Suppose k = 5*z + 2, -4*k + k - 5*z + 6 = 0. Let a be ((-2)/6)/(k/(-30)). Suppose 5*x - 17 = -5*y + 13, a = y. What is the units digit of x?
1
What is the tens digit of ((-30)/(-7) - 4) + 1989/21?
9
Let a be (0 + (-412)/8)*-2. Suppose -4*x = x + 5*v - 140, a = 4*x - 5*v. What is the tens digit of x?
2
Suppose 0 = 5*p + 2*s - 4, -s + 10 = -5*p + 4*s. Suppose -l + 10 = -p. What is the units digit of l?
0
Suppose t - 141 = 24. What is the tens digit of t?
6
Let x = -6 - -4. Let c(y) = -14*y. Let d be c(x). Suppose 5*m = 3*m - h + 7, -3*m + d = 5*h. What is the units digit of m?
1
Let h = -33 + 113. What is the tens digit of h?
8
Let i(m) be the first derivative of 2*m**3/3 + 4*m**2 - 3*m - 4. What is the units digit of i(-6)?
1
Let r(c) = -5*c - 2 - 5 - 15*c**3 + 16*c**3 + 6*c**2. What is the units digit of r(-5)?
3
Let q = 7 - 3. Suppose w + 43 = 5*m + 4, -4 = -q*w. What is the units digit of m?
8
Suppose 0*a = 2*a - 3*n - 153, -4*a = -2*n - 294. What is the tens digit of a?
7
Let j = -44 + 77. What is the units digit of j?
3
Suppose -3*s = 2*s. Let v(t) = -t + 7. What is the units digit of v(s)?
7
Let i be -1*(2 + -1) + 2. Let l(s) be the second derivative of s**3/3 + 2*s. What is the units digit of l(i)?
2
Let u(d) = 9*d + 4. Let t(k) = 9*k + 3. Let j(i) = -6*t(i) + 5*u(i). What is the units digit of j(-2)?
0
What is the tens digit of (6 + 0)/(12/(-8)) - -138?
3
Let x(t) = 6*t**3 - 5*t**2 - 5*t - 1. What is the units digit of x(3)?
1
Let y = 9 + -2. Let l = y - 5. What is the units digit of l?
2
Let s = -16 - -24. What is the tens digit of 0 + s - (-3 + 1)?
1
Let u(y) = y**3 - 4*y**2 - 5*y - 4. Let d be u(6). Let h = 3 + 0. Suppose -18 = 4*o - 6*o + x, -d = -h*o - 4*x. What is the tens digit of o?
1
What is the units digit of -7*10*(-2)/4?
5
Let h = 19 + -12. Suppose h*v - 3*v = 60. What is the tens digit of v?
1
Let s(h) = -56*h + 4. Let x(m) = 11*m - 1. Let n(l) = 3*s(l) + 16*x(l). Let g be n(3). Suppose g = a + a. What is the units digit of a?
0
Suppose 3*a + 20 = a. Let o = 6 + -8. What is the units digit of (-15)/o - 5/a?
8
Suppose 28*x - 32*x = -772. What is the hundreds digit of x?
1
Let b(v) = 6*v - 5. What is the units digit of b(8)?
3
Suppose l + 4*l - 20 = 0. Suppose 0 = -5*j - 2*p + 34, -2*p + 0 = -l. What is the units digit of ((-1)/3)/((-1)/j)?
2
Suppose 56 = 3*t + 20. Let z be t/(2 + -5)*-1. Suppose -z*l + 29 - 3 = 5*w, 12 = 3*l. What is the units digit of w?
2
Let m be (0 - -70)*(-18)/12. What is the units digit of (4/6)/((-10)/m)?
7
Let r = -29 - -16. Let d = -10 - r. What is the units digit of d?
3
What is the units digit of (-6)/(-15) - (-84)/15?
6
Let x be 4/(-6)*33/(-2). Suppose 4*t = 5*t - x. What is the units digit of t?
1
Suppose k = -5*d - 3*k + 478, 2*d - 5*k - 211 = 0. What is the units digit of d?
8
Suppose 0 = -3*j + 4*i + 248, 2*i = -0*j - j + 66. What is the units digit of j?
6
Suppose 4*k - 8 = -0*k. What is the units digit of (k - 3)/((-1)/7)?
7
Let g(u) = 4*u**2 - 1. What is the units digit of g(4)?
3
Let w(j) = -j + 15. What is the tens digit of w(0)?
1
Suppose 6*t - 168 = 2*t. What is the units digit of t?
2
Suppose 588 + 2552 = 10*u. What is the hundreds digit of u?
3
Let i be 2 - -2 - (3 + -1). Let w(a) = 1 + 2*a**2 + a - a**i - 9*a. What is the units digit of w(8)?
1
Suppose 2*z - 32 = -2. Suppose -3*x = x + 5*p - 19, -z = -5*p. Let w = 5 - x. What is the units digit of w?
4
Let i(o) be the first derivative of o**2/2 + 7*o - 3. Let l be i(-5). Suppose 20 = 4*y, -5*x - 10 = -l*y - 3*y. What is the units digit of x?
3
Suppose -3*x = 2*x - 125. What is the units digit of x?
5
Suppose -3*f - 2 - 4 = 0, 4*f = -3*w + 19. Suppose n - w = -5*z + 12, z = -5*n + 9. Suppose -z + 0 = -d. What is the units digit of d?
4
What is the units digit of 3/(((-3)/(-26))/((-6)/(-4)))?
9
Suppose -1 = 3*c - 7. Let x be -2 + 0 + 2 + c. Suppose -x*g + 6 = 2*o, 4*o - 3*g + 2*g - 22 = 0. What is the units digit of o?
5
Let l(u) = 2*u**2 + 8*u + 5. Let t be l(-5). Let f = t + -1. What is the tens digit of f?
1
Let o(r) = r**3 + 6*r**2 - 8*r. Let j be o(-7). Suppose -4*y = 3*s - 13, -j + 17 = -2*y. What is the units digit of s?
1
Let j(z) = -5*z + 10 + 19*z**2 - 10 + 4*z. What is the units digit of j(-1)?
0
Let c = 69 - 22. What is the tens digit of c?
4
Let o(k) = -k**2 + 6*k + 3. Let q be o(5). Suppose 3*c = j - 13, q = 3*j - 2*j + 2*c. Suppose 0*g = -2*g + j. What is the units digit of g?
5
Let z(k) = -k**3 - 7*k**2 - 6*k + 6. What is the units digit of z(-6)?
6
Let h(k) = -k**3 + 3*k**2 + 4*k + 1. Let q be h(4). Suppose -4*x + 49 = q. What is the tens digit of x?
1
Suppose -3*m + 9 = 0, 27 = 5*a - 5*m + 7. Suppose a*i = 2*i + 50. What is the units digit of i/8 - 3/12?
1
Let h(c) = -c**2 - c + 65. What is the tens digit of h(0)?
6
Suppose -12*y + 14*y - 62 = 0. What is the tens digit of y?
3
Suppose 55 = 2*i + 1. What is the tens digit of i?
2
Let d(m) = m - 3. What is the units digit of d(20)?
7
Let s(t) = -3*t**2 - t. Let c(w) = w. Let d(q) = -2*c(q) - s(q). Let h(z) = z**3 - 5*z**